) = -6*j(b) + 5*s(b). Calculate v(-6).
3
Let a(z) be the first derivative of -z**4/4 + 5*z**3/3 - 3*z**2/2 + 7*z + 18. Calculate a(5).
-8
Let l(n) = -2*n - 1 - 4*n - 2. Let k(p) be the third derivative of 5*p**4/24 + p**3/3 - 5*p**2. Let d(w) = -5*k(w) - 4*l(w). What is d(5)?
-3
Let c(b) = -b**2 - 8*b + 13. Let w be c(-9). Let q(a) = a**2 - 3*a - 2. Let n be q(w). Let l(m) = -m**2 - m + 2. Calculate l(n).
-4
Let p(i) = i - 9. Suppose 3*u = 3 + 9. Determine p(u).
-5
Let x be (-66)/(-8) - 12/48. Let p(v) = -v**2 + 9*v + 7. What is p(x)?
15
Suppose g - 3 = 2. Let m(a) = 7*a**2 + 3*a + 25. Let u(o) = 10*o**2 + 4*o + 37. Let k(c) = g*u(c) - 7*m(c). Calculate k(0).
10
Let j = -11 + 16. Let u(c) = c**3 - 6*c**2 + 3*c + 2. Determine u(j).
-8
Let o(v) = v**3 + 6*v**2 - 4*v + 3. Let l(q) = 5*q**3 + 25*q**2 - 16*q + 12. Let g(r) = -2*l(r) + 9*o(r). Give g(2).
3
Let h(o) = -7*o**3 + 23*o**2 + 25*o + 17. Let v(i) = 3*i**3 - 11*i**2 - 12*i - 8. Let a(s) = 4*h(s) + 9*v(s). Give a(-6).
8
Suppose 5*q - 2 = 3. Let z(t) = 2*t**3 + q - 3*t**3 + 2*t + 0*t**3. Calculate z(-1).
0
Suppose -3*l + 9 + 13 = -t, 0 = 4*l. Let a = 24 + t. Let d(s) = -2*s**2 + s + 1. What is d(a)?
-5
Let c(r) = -r**2 - r - 1. Let q(j) = -4*j**2 - 5*j - 8. Let b(s) = 6*c(s) - q(s). Calculate b(2).
-8
Let u(k) = -7*k**3 - k - 4. Let q(x) = -18*x**3 + 15*x**3 + 0 - x - 2. Let j(a) = 5*q(a) - 2*u(a). Let f(z) = -z**2 + 12*z - 22. Let i be f(10). Determine j(i).
12
Let w(x) be the first derivative of x**4/4 - 2*x**3 + 5*x**2/2 - 3*x + 6. Suppose 4*j - 7 = 2*k + 1, 3*k = 0. Suppose -q = -j*q + 5. Calculate w(q).
-3
Suppose 0 = -3*b - 4*j + 31, -2*b - b = 3*j - 27. Suppose -b*u - 5*x = -20, -u - 4 = -2*x - 5. Let m(a) = 9 - a**u - a**3 + 3*a**3. Give m(0).
9
Let p(o) = 0 - 26*o + 24*o - 9. Determine p(-7).
5
Let s be 1*7*(-4)/4. Let f(q) be the third derivative of q**5/60 + q**4/4 - 3*q**3/2 + 23*q**2. Calculate f(s).
-2
Let i = 4 + -5. Let a(q) = 4*q - 8*q**2 + 3*q - 2*q - 4*q. What is a(i)?
-9
Let n(y) = y - 3. Let k(z) = z - 4. Let p(u) = 4*k(u) - 5*n(u). Determine p(-2).
1
Suppose -11*v + 12 = -8*v. Let w(c) be the third derivative of 0 + 0*c + 1/12*c**v + 3*c**2 + 1/3*c**3. Determine w(2).
6
Let g(j) = j**2 + 9*j + 17. Let i be g(-6). Let q(f) = 4*f. Determine q(i).
-4
Let c(v) = -3*v**2 + 11*v + 2. Let z(m) = m**2 - m. Let t(f) = c(f) + 4*z(f). Determine t(-8).
10
Let v(u) be the first derivative of -3/2*u**2 + 2*u - 6 + 1/3*u**3. Let l be (-1 - -4)*10/6. Determine v(l).
12
Let d(u) = 5*u - 6. Let g(z) = -6*z + 7. Let h(y) = -4*d(y) - 3*g(y). Calculate h(3).
-3
Let t(b) = 3*b**2 + 4*b + 3. Let p(j) = -7*j**2 - 9*j - 6. Let c(m) = -2*p(m) - 5*t(m). Calculate c(-4).
-11
Let j(v) = -5*v + v**3 + 4*v**2 + 3 - v - 5. Determine j(-5).
3
Let u(j) = -j**3 + 6*j**2 + j - 2. Let g = 13 - 7. Give u(g).
4
Let b(j) = 3*j**2 - 1. Let a be b(-2). Let i be -1 - (-3 + 2 + -1). Let c be a/2 - i/(-2). Let d(l) = l**3 - 7*l**2 + 6*l. Determine d(c).
0
Let y(p) = 5*p**2 + 11*p - 4. Let g(z) = -9*z**2 - 21*z + 8. Let u(n) = 6*g(n) + 11*y(n). Suppose 0 = -5*x - 2*m + 16, 0 = 5*x - 5*m - 12 - 18. What is u(x)?
0
Let x(w) = 4*w - 1. Let n(s) = s. Let h(q) = 6*n(q) - 2*x(q). What is h(6)?
-10
Let w(x) = x + 5 + 17*x**2 - 1 - 4. Determine w(-1).
16
Let y(q) = q**3 + 7*q**2 - 60*q + 4. Let x be y(5). Let v(r) be the second derivative of r**3/3 - 3*r**2/2 - r. What is v(x)?
5
Let j(g) be the third derivative of g**4/12 - 2*g**3/3 + 2*g**2 + 15. Determine j(4).
4
Let b(x) = -x - 17. Let g be b(-10). Let f = -10 - g. Let r(t) be the first derivative of -t**4/4 - 2*t**3/3 + 2*t**2 + 2*t - 1. Calculate r(f).
-1
Let x(b) be the third derivative of -b**7/840 + b**6/90 + b**5/60 + b**3/6 - 2*b**2. Let m(q) be the first derivative of x(q). Calculate m(4).
8
Let k(r) = -r - 3. Let o be 2/4*(-5 + 5). Suppose -3*p - 19 = -4. Let b = o + p. Calculate k(b).
2
Let r(b) = b**2 + 17*b + b + 3 - 9*b - 3*b. Calculate r(-4).
-5
Suppose -2*n - 21 = -5*r - 2, -5*n = r + 7. Let p = 13 - 10. Let y(h) = 3*h + 3 + 0 + 3*h**p - 5*h**2 - 2*h**3. Calculate y(r).
-6
Let s(t) be the second derivative of -7*t**4/12 - t**3/3 + t**2/2 + t. Give s(1).
-8
Let j(s) be the first derivative of 1/24*s**4 + 1/60*s**5 + 1/2*s**2 + 2 - 5/6*s**3 + 0*s. Let i(k) be the second derivative of j(k). Give i(0).
-5
Let p(i) = -3*i**3 - 3*i**2 + 3*i + 1. Let k(o) = 4*o**3 + 4*o**2 - 4*o - 2. Let j(w) = -2*k(w) - 3*p(w). What is j(-3)?
-14
Let k(a) = -2*a - 3. Let u(r) = -r**3 - r**2 - 2*r - 1. Let j be u(3). Let d be 2/(-9) - j/(-9). Give k(d).
7
Let f(y) = y**3 + y**2 - 2*y + 1. Let j be f(1). Let l = 19 - 12. Let k(a) = l*a - 2*a + 0*a + 0*a. Determine k(j).
5
Let l = 5 + -2. Let m(p) = -p - 1. Let j be m(l). Let q(a) = 94 + 3*a**2 - 95 - 4*a**2 - 5*a. Determine q(j).
3
Let y(u) = -3*u - 5*u**2 - u**3 + 8*u**2 + 9*u + 6. Calculate y(5).
-14
Let s = -5 + 3. Let u(q) be the first derivative of q**3/3 + q**2/2 - 2*q + 2. Determine u(s).
0
Let o(x) = x + 14. Let z be o(-14). Let y(k) = k - 18. What is y(z)?
-18
Let q(g) be the first derivative of -g**3/3 + 3*g**2 - 3*g + 35. Calculate q(7).
-10
Let q(t) = -55 - t**3 + 3*t**2 + 53 - 2*t + 4*t. Calculate q(2).
6
Suppose -17 = -2*q - 3. Let f = q - 7. Let r(j) = -j**3 - j + 5. Give r(f).
5
Let j(o) = 4*o**2 + o. Let k(m) = 7*m**2 + 2*m + 1. Let i(p) = -5*j(p) + 3*k(p). Give i(0).
3
Let w(j) = j**2 - 2*j + 2. Let x(f) = -3*f + 0*f + 3 - 6 + 4*f. Let s be x(6). Determine w(s).
5
Let v(c) be the third derivative of -c**5/60 + 5*c**4/24 - 5*c**3/6 + 4*c**2. Suppose -2*x = x. Suppose x = -a + 2*g, 0 = a + g - 6. Determine v(a).
-1
Let i be (0 - (-3 - 0)) + -1. Let b(n) = -7*n + 2*n - 3*n**2 - 2 + 2*n**i. Let c = -15 + 11. Determine b(c).
2
Let v be 22/(-4) + (-10)/(-20). Let m(u) = 4*u**2 + 6 - 6*u - 3 + u**3 - 2. What is m(v)?
6
Let f be (0 - 8)*(5/2)/(-5). Let w(q) = -q**2 + 5*q - 6. Calculate w(f).
-2
Let p(t) = -t**3 - 3*t**2 + 4*t + 2. Let d(c) = -9*c - 2. Let m = -8 + 6. Let r be d(m). Suppose 4*g + r = -0*g. Calculate p(g).
2
Let h(x) = -102 - 4*x**2 - x**3 + 102 + 10*x**2. Calculate h(6).
0
Let x(q) = 6 + 2*q - 3*q**2 + 4*q**2 + 6*q. Suppose -3 - 5 = 2*k. Let n(y) = y - 1. Let v be n(k). Calculate x(v).
-9
Let c(h) = h**3 + 4*h**2 + 2*h - 7. Let t be c(-3). Let z(k) = -k**2 + 2*k + 1. Calculate z(t).
-23
Let l(z) = 2*z**2. Let j be l(1). Let v(x) = x**j - 4*x + 3 - 10 - x. What is v(6)?
-1
Let d(s) = -s**3 - 5*s**2 - s - 3. Suppose -i + 2*i + 2 = -2*j, 4*i = 4*j + 28. Suppose i = -y + 3. Let p be 1/(((-2)/(-10))/y). Give d(p).
2
Let a(h) = h**2 - 10*h + 2. Let g(l) = -2*l**2 + 21*l - 5. Let b(o) = -9*a(o) - 4*g(o). Suppose 0 = -4*u + 10*k - 12*k + 30, 0 = 5*u - 4*k - 18. Determine b(u).
2
Suppose f + 9 = 3. Let o(m) = -4*m**2 + 7*m + 0 + 5 - m**3 - 4*m**2 + 3*m**2. Give o(f).
-1
Let o be (4 - 3/(-3)) + -3. Suppose o = -3*l - 10. Let g(a) be the third derivative of -a**4/24 - a**3/6 + a**2. Calculate g(l).
3
Let c(y) be the third derivative of 5*y**4/24 - y**3/3 + 43*y**2. Calculate c(2).
8
Suppose w + 2 = 0, 5*z = 2*z - w - 14. Let q = z + 8. Let m(d) = 2 - d**3 + 0*d**3 + d**2 + d**2 - q*d. Calculate m(2).
-6
Let b(t) be the second derivative of -t**3/2 + t**2 + 19*t. What is b(2)?
-4
Let t(z) = -13*z + 37. Let o(v) = 3*v - 9. Let n(s) = -9*o(s) - 2*t(s). Let c(r) = -7*r**2 + 1. Let i be c(-1). Let l = -1 - i. Determine n(l).
2
Let i(d) = -19 - 20 + d**2 + 43 + 9*d. Give i(-6).
-14
Let z be -1*(-1)/3*0. Let k(l) = -7*l + 5*l + z*l. What is k(-3)?
6
Let b = 1 - 1. Suppose b*r + 48 = 4*r. Suppose r = -7*h + 4*h. Let t(w) = -w**2 - 6*w - 4. Calculate t(h).
4
Let c(s) = s**3 - 5. Suppose -13*g + 15*g = 0. Give c(g).
-5
Let p(t) = 6*t - 6 - 6 - t - t. Let m(a) = -a + 3. Let n(v) = 26*m(v) + 6*p(v). Calculate n(4).
-2
Let u(j) = j - 7. Let k be u(12). Let f(h) = h + 1. Give f(k).
6
Let w(q) = 4*q. Let t = -21 + 20. Determine w(t).
-4
Let j(m) = 3 + 3*m - 13*m + 4*m**2 + 4*m + 3*m. Calculate j(2).
13
Let i(h) = -h**2 - 11*h - 12. Let c be i(-10). Let b(n) = n - 5. Let v(j) = 3. Let f(s) = c*b(s) - 5*v(s). Determine f(-6).
7
Let j(x) = -6*x + 1. Suppose r = d + 7, 2*d - 2*r = -d - 19. Let m(l) = 4*l - 1. Let p(o) = d*j(o) - 8*m(o). Give p(2).
-1
Suppose 2*w = -3*y + 4*y - 1, 3*y = -w + 3. Let m(f) = -5*f. Determine m(y).
-5